{"id":76,"date":"2024-02-07T10:05:12","date_gmt":"2024-02-07T08:05:12","guid":{"rendered":"https:\/\/zinasnofpris.pmlp.gov.lv\/?page_id=76"},"modified":"2025-11-12T10:49:40","modified_gmt":"2025-11-12T08:49:40","slug":"izzinas-pieprasisana-no-fizisko-personu-registra-par-citu-personu","status":"publish","type":"page","link":"https:\/\/zinasnofpris.pmlp.gov.lv\/?page_id=76","title":{"rendered":"Izzi\u0146as piepras\u012b\u0161ana no Fizisko personu re\u0123istra par citu personu"},"content":{"rendered":"<section  class='av_textblock_section av-79rd0-46996f27159bb596480668f863b425ce '   itemscope=\"itemscope\" itemtype=\"https:\/\/schema.org\/CreativeWork\" ><div class='avia_textblock'  itemprop=\"text\" ><p>K\u0100 IESNIEGT PIEPRAS\u012aJUMU?<\/p>\n<\/div><\/section>\n<div  class='avia-buttonrow-wrap av-6vqf8-dbbbe65fec69f30fbb28364b2b45c84b avia-buttonrow-left  avia-builder-el-1  el_after_av_textblock  el_before_av_hr '>\n\n<style type=\"text\/css\" data-created_by=\"avia_inline_auto\" id=\"style-css-av-672ds-0d52c32fcc027a39024c81166674ea7e\">\n#top #wrap_all .avia-button.av-672ds-0d52c32fcc027a39024c81166674ea7e{\nmargin-bottom:5px;\nmargin-right:5px;\n}\n<\/style>\n<a href='https:\/\/zinasnofpris.pmlp.gov.lv\/'  class='avia-button av-672ds-0d52c32fcc027a39024c81166674ea7e avia-icon_select-yes-right-icon avia-size-small avia-color-theme-color'   aria-label=\"S\u0100KUMS\"><span class='avia_iconbox_title' >S\u0100KUMS<\/span><span class='avia_button_icon avia_button_icon_right avia-iconfont avia-font-entypo-fontello' data-av_icon='\ue87d' data-av_iconfont='entypo-fontello' ><\/span><\/a>\n\n<style type=\"text\/css\" data-created_by=\"avia_inline_auto\" id=\"style-css-av-5p25o-304ade2c39dff66cbcf2d0228b57f4a2\">\n#top #wrap_all .avia-button.av-5p25o-304ade2c39dff66cbcf2d0228b57f4a2{\nmargin-bottom:5px;\nmargin-right:5px;\n}\n<\/style>\n<a href='https:\/\/zinasnofpris.pmlp.gov.lv\/?page_id=55'  class='avia-button av-5p25o-304ade2c39dff66cbcf2d0228b57f4a2 avia-icon_select-yes-right-icon avia-size-small avia-color-theme-color'   aria-label=\"IZZI\u0145A\"><span class='avia_iconbox_title' >IZZI\u0145A<\/span><span class='avia_button_icon avia_button_icon_right avia-iconfont avia-font-entypo-fontello' data-av_icon='\ue87d' data-av_iconfont='entypo-fontello' ><\/span><\/a>\n\n<style type=\"text\/css\" data-created_by=\"avia_inline_auto\" id=\"style-css-av-5cjdw-153b502a74bb540b5d8e1ceabaffa3fc\">\n#top #wrap_all .avia-button.av-5cjdw-153b502a74bb540b5d8e1ceabaffa3fc{\nbackground-color:#9dcf62;\nborder-color:#9dcf62;\ncolor:#ffffff;\ntransition:all 0.4s ease-in-out;\nmargin-bottom:5px;\nmargin-right:5px;\n}\n#top #wrap_all .avia-button.av-5cjdw-153b502a74bb540b5d8e1ceabaffa3fc .avia-svg-icon svg:first-child{\nfill:#ffffff;\nstroke:#ffffff;\n}\n<\/style>\n<a href='https:\/\/zinasnofpris.pmlp.gov.lv\/?page_id=72'  class='avia-button av-5cjdw-153b502a74bb540b5d8e1ceabaffa3fc avia-icon_select-yes-right-icon avia-size-small'   aria-label=\"K\u0100 IESNIEGT\"><span class='avia_iconbox_title' >K\u0100 IESNIEGT<\/span><span class='avia_button_icon avia_button_icon_right avia-iconfont avia-font-entypo-fontello' data-av_icon='\ue87d' data-av_iconfont='entypo-fontello' ><\/span><\/a>\n\n<style type=\"text\/css\" data-created_by=\"avia_inline_auto\" id=\"style-css-av-49ngo-8f824a87183fb099a7d9955cf97cde2e\">\n#top #wrap_all .avia-button.av-49ngo-8f824a87183fb099a7d9955cf97cde2e{\nmargin-bottom:5px;\nmargin-right:5px;\n}\n<\/style>\n<a href='#'  class='avia-button av-49ngo-8f824a87183fb099a7d9955cf97cde2e avia-icon_select-no avia-size-small avia-color-theme-color-subtle'   aria-label=\"SA\u0145EM\u0160ANA\"><span class='avia_iconbox_title' >SA\u0145EM\u0160ANA<\/span><\/a>\n<\/div>\n\n<style type=\"text\/css\" data-created_by=\"avia_inline_auto\" id=\"style-css-av-3p2n8-209d893cac63fa32bf63116c05be2897\">\n#top .hr.hr-invisible.av-3p2n8-209d893cac63fa32bf63116c05be2897{\nheight:50px;\n}\n<\/style>\n<div  class='hr av-3p2n8-209d893cac63fa32bf63116c05be2897 hr-invisible  avia-builder-el-2  el_after_av_buttonrow  el_before_av_iconlist '><span class='hr-inner '><span class=\"hr-inner-style\"><\/span><\/span><\/div>\n\n<style type=\"text\/css\" data-created_by=\"avia_inline_auto\" id=\"style-css-av-mhvrco26-0283eb2e3bd72439fc4088fb176829a1\">\n#top .avia-icon-list-container.av-mhvrco26-0283eb2e3bd72439fc4088fb176829a1 .iconlist_icon{\ncolor:#be4e2b;\nbackground-color:#ffffff;\n}\n#top .avia-icon-list-container.av-mhvrco26-0283eb2e3bd72439fc4088fb176829a1 .iconlist_icon svg:first-child{\nstroke:#be4e2b;\nfill:#be4e2b;\n}\n<\/style>\n<div  class='avia-icon-list-container av-mhvrco26-0283eb2e3bd72439fc4088fb176829a1  avia-builder-el-3  el_after_av_hr  el_before_av_iconlist  eadrese'><ul class='avia-icon-list avia_animate_when_almost_visible avia-icon-list-left av-iconlist-big av-mhvrco26-0283eb2e3bd72439fc4088fb176829a1 avia-iconlist-animate'>\n<li><a href='https:\/\/latvija.gov.lv\/Content\/Eadrese' title='Elektroniski parakst\u012btu iesniegumu iesniedz PMLP ofici\u0101laj\u0101 elektronisk\u0101j\u0101 adres\u0113 (eAdrese), ja esi aktiviz\u0113jis eAdresi'  target=\"_blank\"  rel=\"noopener noreferrer\" class='iconlist_icon av-mhvrcnhi-c282d825a4c9914e3cc5998c30f56992 avia-font-fpris-icons avia-iconfont avia-font-fpris-icons'><span class='av-icon-char' data-av_icon='\ue800' data-av_iconfont='fpris-icons' aria-hidden=\"true\"><\/span><\/a><article class=\"article-icon-entry \"  itemscope=\"itemscope\" itemtype=\"https:\/\/schema.org\/CreativeWork\" ><div class=\"iconlist_content_wrap\"><header class=\"entry-content-header\" aria-label=\"Icon: &lt;a href=&#039;https:\/\/latvija.gov.lv\/Content\/Eadrese&#039; title=&#039;Elektroniski parakst\u012btu iesniegumu iesniedz PMLP ofici\u0101laj\u0101 elektronisk\u0101j\u0101 adres\u0113 (eAdrese), ja esi aktiviz\u0113jis eAdresi&#039; target=&quot;_blank&quot;  rel=&quot;noopener noreferrer&quot;&gt;Elektroniski parakst\u012btu iesniegumu iesniedz PMLP ofici\u0101laj\u0101 elektronisk\u0101j\u0101 adres\u0113 (eAdrese), ja esi aktiviz\u0113jis eAdresi&lt;\/a&gt;\"><h4 class='av_iconlist_title iconlist_title  '  itemprop=\"headline\" ><a href='https:\/\/latvija.gov.lv\/Content\/Eadrese' title='Elektroniski parakst\u012btu iesniegumu iesniedz PMLP ofici\u0101laj\u0101 elektronisk\u0101j\u0101 adres\u0113 (eAdrese), ja esi aktiviz\u0113jis eAdresi' target=\"_blank\"  rel=\"noopener noreferrer\">Elektroniski parakst\u012btu iesniegumu iesniedz PMLP ofici\u0101laj\u0101 elektronisk\u0101j\u0101 adres\u0113 (eAdrese), ja esi aktiviz\u0113jis eAdresi<\/a><\/h4><\/header><div class='iconlist_content '  itemprop=\"text\" >\n<style type=\"text\/css\" data-created_by=\"avia_inline_auto\" id=\"style-css-av-owfk-b49eda0c5892663b793ec697dcae5020\">\n.av_font_icon.av-owfk-b49eda0c5892663b793ec697dcae5020 .av-icon-char{\nfont-size:20px;\nline-height:20px;\n}\n<\/style>\n<span  class='av_font_icon av-owfk-b49eda0c5892663b793ec697dcae5020 avia_animate_when_visible av-icon-style- avia-icon-pos-left avia-iconfont avia-font-fpris-icons av-no-color avia-icon-animate'><span class='av-icon-char' data-av_icon='\uf1c2' data-av_iconfont='fpris-icons' aria-hidden=\"true\" ><\/span><\/span>\n<p><a href=\"https:\/\/zinasnofpris.pmlp.gov.lv\/wp-content\/uploads\/2025\/11\/veidlapa-izzinam_2025_FPR_.docx\">Veidlapa izzi\u0146as piepras\u012b\u0161anai<\/a><\/p>\n<p><a href=\"https:\/\/zinasnofpris.pmlp.gov.lv\/?page_id=115\">Piepras\u012bto zi\u0146u sa\u0146em\u0161anas veids<\/a><\/p>\n<\/div><\/div><footer class=\"entry-footer\"><\/footer><\/article><div class=\"iconlist-timeline\"><\/div><\/li>\n<\/ul><\/div>\n\n<style type=\"text\/css\" data-created_by=\"avia_inline_auto\" id=\"style-css-av-mhvreb7b-1280fb28cbac74ab92b54049d562abb3\">\n#top .avia-icon-list-container.av-mhvreb7b-1280fb28cbac74ab92b54049d562abb3 .iconlist_icon{\nbackground-color:#9dcf62;\n}\n<\/style>\n<div  class='avia-icon-list-container av-mhvreb7b-1280fb28cbac74ab92b54049d562abb3  avia-builder-el-5  el_after_av_iconlist  avia-builder-el-last  saites-fpr'><ul class='avia-icon-list avia_animate_when_almost_visible avia-icon-list-left av-iconlist-big av-mhvreb7b-1280fb28cbac74ab92b54049d562abb3 avia-iconlist-animate'>\n<li><a href='mailto:pasts@pmlp.gov.lv' title='Elektroniski parakst\u012btu iesniegumu nos\u016bta uz PMLP elektronisk\u0101 pasta adresi (pasts@pmlp.gov.lv)'  class='iconlist_icon av-mhvrdrdq-c4a85a9ef794c63933068df0dd91e54c avia-font-entypo-fontello avia-iconfont avia-font-entypo-fontello'><span class='av-icon-char' data-av_icon='\ue805' data-av_iconfont='entypo-fontello' aria-hidden=\"true\"><\/span><\/a><article class=\"article-icon-entry \"  itemscope=\"itemscope\" itemtype=\"https:\/\/schema.org\/CreativeWork\" ><div class=\"iconlist_content_wrap\"><header class=\"entry-content-header\" aria-label=\"Icon: &lt;a href=&#039;mailto:pasts@pmlp.gov.lv&#039; title=&#039;Elektroniski parakst\u012btu iesniegumu nos\u016bta uz PMLP elektronisk\u0101 pasta adresi (pasts@pmlp.gov.lv)&#039;&gt;Elektroniski parakst\u012btu iesniegumu nos\u016bta uz PMLP elektronisk\u0101 pasta adresi (pasts@pmlp.gov.lv)&lt;\/a&gt;\"><h4 class='av_iconlist_title iconlist_title  '  itemprop=\"headline\" ><a href='mailto:pasts@pmlp.gov.lv' title='Elektroniski parakst\u012btu iesniegumu nos\u016bta uz PMLP elektronisk\u0101 pasta adresi (pasts@pmlp.gov.lv)'>Elektroniski parakst\u012btu iesniegumu nos\u016bta uz PMLP elektronisk\u0101 pasta adresi (pasts@pmlp.gov.lv)<\/a><\/h4><\/header><div class='iconlist_content '  itemprop=\"text\" >\n<style type=\"text\/css\" data-created_by=\"avia_inline_auto\" id=\"style-css-av-av_font_icon-054ee8de6ddbadef22d84779eca41304\">\n.av_font_icon.av-av_font_icon-054ee8de6ddbadef22d84779eca41304 .av-icon-char{\nfont-size:20px;\nline-height:20px;\n}\n<\/style>\n<span  class='av_font_icon av-av_font_icon-054ee8de6ddbadef22d84779eca41304 avia_animate_when_visible av-icon-style- avia-icon-pos-left avia-iconfont avia-font-fpris-icons av-no-color avia-icon-animate'><span class='av-icon-char' data-av_icon='\uf1c2' data-av_iconfont='fpris-icons' aria-hidden=\"true\" ><\/span><\/span>\n<p><a href=\"https:\/\/zinasnofpris.pmlp.gov.lv\/wp-content\/uploads\/2025\/11\/veidlapa-izzinam_2025_FPR_.docx\">Veidlapa izzi\u0146as piepras\u012b\u0161anai<\/a><\/p>\n<p><a href=\"https:\/\/zinasnofpris.pmlp.gov.lv\/?page_id=117\">Piepras\u012bto zi\u0146u sa\u0146em\u0161anas veids<\/a><\/p>\n<\/div><\/div><footer class=\"entry-footer\"><\/footer><\/article><div class=\"iconlist-timeline\"><\/div><\/li>\n<li><div class='iconlist_icon av-mhvre2ww-a8f36564413db267cedf2b3cda1cfab4 avia-font-entypo-fontello avia-iconfont avia-font-entypo-fontello'><span class='av-icon-char' data-av_icon='\ue821' data-av_iconfont='entypo-fontello' aria-hidden=\"true\"><\/span><\/div><article class=\"article-icon-entry \"  itemscope=\"itemscope\" itemtype=\"https:\/\/schema.org\/CreativeWork\" ><div class=\"iconlist_content_wrap\"><header class=\"entry-content-header\" aria-label=\"Icon: Pa pastu PMLP (\u010ciekurkalna 1.l\u012bnija 1 k-3, R\u012bga, LV-1026) vai jebkurai PMLP teritori\u0101lajai noda\u013cai\"><h4 class='av_iconlist_title iconlist_title  '  itemprop=\"headline\" >Pa pastu PMLP (\u010ciekurkalna 1.l\u012bnija 1 k-3, R\u012bga, LV-1026) vai jebkurai PMLP teritori\u0101lajai noda\u013cai<\/h4><\/header><div class='iconlist_content '  itemprop=\"text\" >\n<style type=\"text\/css\" data-created_by=\"avia_inline_auto\" id=\"style-css-av-av_font_icon-054ee8de6ddbadef22d84779eca41304\">\n.av_font_icon.av-av_font_icon-054ee8de6ddbadef22d84779eca41304 .av-icon-char{\nfont-size:20px;\nline-height:20px;\n}\n<\/style>\n<span  class='av_font_icon av-av_font_icon-054ee8de6ddbadef22d84779eca41304 avia_animate_when_visible av-icon-style- avia-icon-pos-left avia-iconfont avia-font-fpris-icons av-no-color avia-icon-animate'><span class='av-icon-char' data-av_icon='\uf1c2' data-av_iconfont='fpris-icons' aria-hidden=\"true\" ><\/span><\/span>\n<p><a href=\"https:\/\/zinasnofpris.pmlp.gov.lv\/wp-content\/uploads\/2025\/11\/veidlapa-izzinam_2025_FPR_.docx\">Veidlapa izzi\u0146as piepras\u012b\u0161anai<\/a><\/p>\n<p><a href=\"https:\/\/www.pmlp.gov.lv\/lv\/filiales\" target=\"_blank\" rel=\"noopener\">https:\/\/www.pmlp.gov.lv\/lv\/filiales<\/a><\/p>\n<p><a href=\"https:\/\/zinasnofpris.pmlp.gov.lv\/?page_id=119\">Piepras\u012bto zi\u0146u sa\u0146em\u0161anas veids<\/a><\/p>\n<\/div><\/div><footer class=\"entry-footer\"><\/footer><\/article><div class=\"iconlist-timeline\"><\/div><\/li>\n<li><div class='iconlist_icon av-av_iconlist_item-2ed38534ef14bd7fde1efec3b32ec374 avia-font-entypo-fontello avia-iconfont avia-font-entypo-fontello'><span class='av-icon-char' data-av_icon='\ue80a' data-av_iconfont='entypo-fontello' aria-hidden=\"true\"><\/span><\/div><article class=\"article-icon-entry \"  itemscope=\"itemscope\" itemtype=\"https:\/\/schema.org\/CreativeWork\" ><div class=\"iconlist_content_wrap\"><header class=\"entry-content-header\" aria-label=\"Icon: Kl\u0101tien\u0113 jebkur\u0101 PMLP teritori\u0101laj\u0101 noda\u013c\u0101, tai skait\u0101 viena apmekl\u0113juma laik\u0101 sa\u0146emt izzi\u0146u 2 stundu laik\u0101\"><h4 class='av_iconlist_title iconlist_title  '  itemprop=\"headline\" >Kl\u0101tien\u0113 jebkur\u0101 PMLP teritori\u0101laj\u0101 noda\u013c\u0101, tai skait\u0101 viena apmekl\u0113juma laik\u0101 sa\u0146emt izzi\u0146u 2 stundu laik\u0101<\/h4><\/header><div class='iconlist_content '  itemprop=\"text\" ><p><a href=\"https:\/\/www.pmlp.gov.lv\/lv\/filiales\" target=\"_blank\" rel=\"noopener\">https:\/\/www.pmlp.gov.lv\/lv\/filiales<\/a><\/p>\n<p><a href=\"https:\/\/zinasnofpris.pmlp.gov.lv\/?page_id=121\">Piepras\u012bto zi\u0146u sa\u0146em\u0161anas veids<\/a><\/p>\n<\/div><\/div><footer class=\"entry-footer\"><\/footer><\/article><div class=\"iconlist-timeline\"><\/div><\/li>\n<\/ul><\/div>\n","protected":false},"excerpt":{"rendered":"","protected":false},"author":1,"featured_media":0,"parent":55,"menu_order":2,"comment_status":"closed","ping_status":"closed","template":"","meta":{"inline_featured_image":false,"footnotes":""},"class_list":["post-76","page","type-page","status-publish","hentry"],"_links":{"self":[{"href":"https:\/\/zinasnofpris.pmlp.gov.lv\/index.php?rest_route=\/wp\/v2\/pages\/76","targetHints":{"allow":["GET"]}}],"collection":[{"href":"https:\/\/zinasnofpris.pmlp.gov.lv\/index.php?rest_route=\/wp\/v2\/pages"}],"about":[{"href":"https:\/\/zinasnofpris.pmlp.gov.lv\/index.php?rest_route=\/wp\/v2\/types\/page"}],"author":[{"embeddable":true,"href":"https:\/\/zinasnofpris.pmlp.gov.lv\/index.php?rest_route=\/wp\/v2\/users\/1"}],"replies":[{"embeddable":true,"href":"https:\/\/zinasnofpris.pmlp.gov.lv\/index.php?rest_route=%2Fwp%2Fv2%2Fcomments&post=76"}],"version-history":[{"count":5,"href":"https:\/\/zinasnofpris.pmlp.gov.lv\/index.php?rest_route=\/wp\/v2\/pages\/76\/revisions"}],"predecessor-version":[{"id":683,"href":"https:\/\/zinasnofpris.pmlp.gov.lv\/index.php?rest_route=\/wp\/v2\/pages\/76\/revisions\/683"}],"up":[{"embeddable":true,"href":"https:\/\/zinasnofpris.pmlp.gov.lv\/index.php?rest_route=\/wp\/v2\/pages\/55"}],"wp:attachment":[{"href":"https:\/\/zinasnofpris.pmlp.gov.lv\/index.php?rest_route=%2Fwp%2Fv2%2Fmedia&parent=76"}],"curies":[{"name":"wp","href":"https:\/\/api.w.org\/{rel}","templated":true}]}}