{"id":72,"date":"2024-02-06T18:47:37","date_gmt":"2024-02-06T16:47:37","guid":{"rendered":"https:\/\/zinasnofpris.pmlp.gov.lv\/?page_id=72"},"modified":"2025-11-20T09:25:41","modified_gmt":"2025-11-20T07:25:41","slug":"izzinas-pieprasisana-no-fizisko-personu-registra-par-sevi","status":"publish","type":"page","link":"https:\/\/zinasnofpris.pmlp.gov.lv\/?page_id=72","title":{"rendered":"Izzi\u0146as piepras\u012b\u0161ana no Fizisko personu re\u0123istra par sevi"},"content":{"rendered":"<section  class='av_textblock_section av-lsbia71m-c3bb36706b04e8217367ab185c2be674 '   itemscope=\"itemscope\" itemtype=\"https:\/\/schema.org\/CreativeWork\" ><div class='avia_textblock'  itemprop=\"text\" ><p>K\u0100 IESNIEGT PIEPRAS\u012aJUMU?<\/p>\n<\/div><\/section>\n<div  class='avia-buttonrow-wrap av-lscwnlk1-bce9fc7872883d6ac114b7a668fbac1c avia-buttonrow-left  avia-builder-el-1  el_after_av_textblock  el_before_av_hr '>\n\n<style type=\"text\/css\" data-created_by=\"avia_inline_auto\" id=\"style-css-av-1zpgk-6cad62bb81dfbcb93a3342eca9c5f02a\">\n#top #wrap_all .avia-button.av-1zpgk-6cad62bb81dfbcb93a3342eca9c5f02a{\nmargin-bottom:5px;\nmargin-right:5px;\n}\n<\/style>\n<a href='https:\/\/zinasnofpris.pmlp.gov.lv\/'  class='avia-button av-1zpgk-6cad62bb81dfbcb93a3342eca9c5f02a avia-icon_select-yes-right-icon avia-size-small avia-color-theme-color'   aria-label=\"S\u0100KUMS\"><span class='avia_iconbox_title' >S\u0100KUMS<\/span><span class='avia_button_icon avia_button_icon_right avia-iconfont avia-font-entypo-fontello' data-av_icon='\ue87d' data-av_iconfont='entypo-fontello' ><\/span><\/a>\n\n<style type=\"text\/css\" data-created_by=\"avia_inline_auto\" id=\"style-css-av-1f1k0-430c2c6974c25a5c87a5abbbddc04822\">\n#top #wrap_all .avia-button.av-1f1k0-430c2c6974c25a5c87a5abbbddc04822{\nmargin-bottom:5px;\nmargin-right:5px;\n}\n<\/style>\n<a href='https:\/\/zinasnofpris.pmlp.gov.lv\/?page_id=55'  class='avia-button av-1f1k0-430c2c6974c25a5c87a5abbbddc04822 avia-icon_select-yes-right-icon avia-size-small avia-color-theme-color'   aria-label=\"IZZI\u0145A\"><span class='avia_iconbox_title' >IZZI\u0145A<\/span><span class='avia_button_icon avia_button_icon_right avia-iconfont avia-font-entypo-fontello' data-av_icon='\ue87d' data-av_iconfont='entypo-fontello' ><\/span><\/a>\n\n<style type=\"text\/css\" data-created_by=\"avia_inline_auto\" id=\"style-css-av-lscwneiv-2591255d9d56d051f013cad1429ca190\">\n#top #wrap_all .avia-button.av-lscwneiv-2591255d9d56d051f013cad1429ca190{\nbackground-color:#9dcf62;\nborder-color:#9dcf62;\ncolor:#ffffff;\ntransition:all 0.4s ease-in-out;\nmargin-bottom:5px;\nmargin-right:5px;\n}\n#top #wrap_all .avia-button.av-lscwneiv-2591255d9d56d051f013cad1429ca190 .avia-svg-icon svg:first-child{\nfill:#ffffff;\nstroke:#ffffff;\n}\n<\/style>\n<a href='https:\/\/zinasnofpris.pmlp.gov.lv\/?page_id=72'  class='avia-button av-lscwneiv-2591255d9d56d051f013cad1429ca190 avia-icon_select-yes-right-icon avia-size-small'   aria-label=\"K\u0100 IESNIEGT\"><span class='avia_iconbox_title' >K\u0100 IESNIEGT<\/span><span class='avia_button_icon avia_button_icon_right avia-iconfont avia-font-entypo-fontello' data-av_icon='\ue87d' data-av_iconfont='entypo-fontello' ><\/span><\/a>\n\n<style type=\"text\/css\" data-created_by=\"avia_inline_auto\" id=\"style-css-av-lscwmwpn-572f8c8162ffa6116aa2a173f311174a\">\n#top #wrap_all .avia-button.av-lscwmwpn-572f8c8162ffa6116aa2a173f311174a{\nmargin-bottom:5px;\nmargin-right:5px;\n}\n<\/style>\n<a href='#'  class='avia-button av-lscwmwpn-572f8c8162ffa6116aa2a173f311174a avia-icon_select-no avia-size-small avia-color-theme-color-subtle'   aria-label=\"SA\u0145EM\u0160ANA\"><span class='avia_iconbox_title' >SA\u0145EM\u0160ANA<\/span><\/a>\n<\/div>\n\n<style type=\"text\/css\" data-created_by=\"avia_inline_auto\" id=\"style-css-av-1ris8-e34059ba7401b82d55d305a99da32f07\">\n#top .hr.hr-invisible.av-1ris8-e34059ba7401b82d55d305a99da32f07{\nheight:50px;\n}\n<\/style>\n<div  class='hr av-1ris8-e34059ba7401b82d55d305a99da32f07 hr-invisible  avia-builder-el-2  el_after_av_buttonrow  el_before_av_iconlist '><span class='hr-inner '><span class=\"hr-inner-style\"><\/span><\/span><\/div>\n\n<style type=\"text\/css\" data-created_by=\"avia_inline_auto\" id=\"style-css-av-mi73x38x-e71277d1d6bb10b92a5862830d0c07c9\">\n#top .avia-icon-list-container.av-mi73x38x-e71277d1d6bb10b92a5862830d0c07c9 .iconlist_icon{\ncolor:#be4e2b;\nbackground-color:#ffffff;\n}\n#top .avia-icon-list-container.av-mi73x38x-e71277d1d6bb10b92a5862830d0c07c9 .iconlist_icon svg:first-child{\nstroke:#be4e2b;\nfill:#be4e2b;\n}\n<\/style>\n<div  class='avia-icon-list-container av-mi73x38x-e71277d1d6bb10b92a5862830d0c07c9  avia-builder-el-3  el_after_av_hr  el_before_av_iconlist  eadrese'><ul class='avia-icon-list avia_animate_when_almost_visible avia-icon-list-left av-iconlist-big av-mi73x38x-e71277d1d6bb10b92a5862830d0c07c9 avia-iconlist-animate'>\n<li><a href='https:\/\/latvija.gov.lv\/Content\/Eadrese' title='Elektroniski parakst\u012btu iesniegumu iesniedz PMLP ofici\u0101laj\u0101 elektronisk\u0101j\u0101 adres\u0113 (eAdrese), ja esi aktiviz\u0113jis eAdresi'  target=\"_blank\"  rel=\"noopener noreferrer\" class='iconlist_icon av-mi73x2lw-9b00b2fd48c7d0fac9fe8aaa6aa53dea avia-font-fpris-icons avia-iconfont avia-font-fpris-icons'><span class='av-icon-char' data-av_icon='\ue800' data-av_iconfont='fpris-icons' aria-hidden=\"true\"><\/span><\/a><article class=\"article-icon-entry \"  itemscope=\"itemscope\" itemtype=\"https:\/\/schema.org\/CreativeWork\" ><div class=\"iconlist_content_wrap\"><header class=\"entry-content-header\" aria-label=\"Icon: &lt;a href=&#039;https:\/\/latvija.gov.lv\/Content\/Eadrese&#039; title=&#039;Elektroniski parakst\u012btu iesniegumu iesniedz PMLP ofici\u0101laj\u0101 elektronisk\u0101j\u0101 adres\u0113 (eAdrese), ja esi aktiviz\u0113jis eAdresi&#039; target=&quot;_blank&quot;  rel=&quot;noopener noreferrer&quot;&gt;Elektroniski parakst\u012btu iesniegumu iesniedz PMLP ofici\u0101laj\u0101 elektronisk\u0101j\u0101 adres\u0113 (eAdrese), ja esi aktiviz\u0113jis eAdresi&lt;\/a&gt;\"><h4 class='av_iconlist_title iconlist_title  '  itemprop=\"headline\" ><a href='https:\/\/latvija.gov.lv\/Content\/Eadrese' title='Elektroniski parakst\u012btu iesniegumu iesniedz PMLP ofici\u0101laj\u0101 elektronisk\u0101j\u0101 adres\u0113 (eAdrese), ja esi aktiviz\u0113jis eAdresi' target=\"_blank\"  rel=\"noopener noreferrer\">Elektroniski parakst\u012btu iesniegumu iesniedz PMLP ofici\u0101laj\u0101 elektronisk\u0101j\u0101 adres\u0113 (eAdrese), ja esi aktiviz\u0113jis eAdresi<\/a><\/h4><\/header><div class='iconlist_content '  itemprop=\"text\" >\n<style type=\"text\/css\" data-created_by=\"avia_inline_auto\" id=\"style-css-av-av_font_icon-054ee8de6ddbadef22d84779eca41304\">\n.av_font_icon.av-av_font_icon-054ee8de6ddbadef22d84779eca41304 .av-icon-char{\nfont-size:20px;\nline-height:20px;\n}\n<\/style>\n<span  class='av_font_icon av-av_font_icon-054ee8de6ddbadef22d84779eca41304 avia_animate_when_visible av-icon-style- avia-icon-pos-left avia-iconfont avia-font-fpris-icons av-no-color avia-icon-animate'><span class='av-icon-char' data-av_icon='\uf1c2' data-av_iconfont='fpris-icons' aria-hidden=\"true\" ><\/span><\/span>\n<p><a href=\"https:\/\/zinasnofpris.pmlp.gov.lv\/wp-content\/uploads\/2025\/11\/veidlapa-izzinam_2025_FPR_-1.docx\">Veidlapa izzi\u0146as piepras\u012b\u0161anai<\/a><\/p>\n<p><a href=\"https:\/\/zinasnofpris.pmlp.gov.lv\/?page_id=84\">Piepras\u012bto zi\u0146u sa\u0146em\u0161anas veids<\/a><\/p>\n<\/div><\/div><footer class=\"entry-footer\"><\/footer><\/article><div class=\"iconlist-timeline\"><\/div><\/li>\n<\/ul><\/div>\n\n<style type=\"text\/css\" data-created_by=\"avia_inline_auto\" id=\"style-css-av-mi5t2ou6-fb48d37723287e1b27af4bdb6ce37bbc\">\n#top .avia-icon-list-container.av-mi5t2ou6-fb48d37723287e1b27af4bdb6ce37bbc .iconlist_icon{\nbackground-color:#9dcf62;\n}\n<\/style>\n<div  class='avia-icon-list-container av-mi5t2ou6-fb48d37723287e1b27af4bdb6ce37bbc  avia-builder-el-5  el_after_av_iconlist  avia-builder-el-last  saites-fpr'><ul class='avia-icon-list avia_animate_when_almost_visible avia-icon-list-left av-iconlist-big av-mi5t2ou6-fb48d37723287e1b27af4bdb6ce37bbc avia-iconlist-animate'>\n<li><a href='mailto:pasts@pmlp.gov.lv' title='Elektroniski parakst\u012btu iesniegumu nos\u016bta uz PMLP elektronisk\u0101 pasta adresi (pasts@pmlp.gov.lv)'  class='iconlist_icon av-mi5t1y2g-9eb7acbcfe82d09abefa4e85fa198e76 avia-font-entypo-fontello avia-iconfont avia-font-entypo-fontello'><span class='av-icon-char' data-av_icon='\ue805' data-av_iconfont='entypo-fontello' aria-hidden=\"true\"><\/span><\/a><article class=\"article-icon-entry \"  itemscope=\"itemscope\" itemtype=\"https:\/\/schema.org\/CreativeWork\" ><div class=\"iconlist_content_wrap\"><header class=\"entry-content-header\" aria-label=\"Icon: &lt;a href=&#039;mailto:pasts@pmlp.gov.lv&#039; title=&#039;Elektroniski parakst\u012btu iesniegumu nos\u016bta uz PMLP elektronisk\u0101 pasta adresi (pasts@pmlp.gov.lv)&#039;&gt;Elektroniski parakst\u012btu iesniegumu nos\u016bta uz PMLP elektronisk\u0101 pasta adresi (pasts@pmlp.gov.lv)&lt;\/a&gt;\"><h4 class='av_iconlist_title iconlist_title  '  itemprop=\"headline\" ><a href='mailto:pasts@pmlp.gov.lv' title='Elektroniski parakst\u012btu iesniegumu nos\u016bta uz PMLP elektronisk\u0101 pasta adresi (pasts@pmlp.gov.lv)'>Elektroniski parakst\u012btu iesniegumu nos\u016bta uz PMLP elektronisk\u0101 pasta adresi (pasts@pmlp.gov.lv)<\/a><\/h4><\/header><div class='iconlist_content '  itemprop=\"text\" >\n<style type=\"text\/css\" data-created_by=\"avia_inline_auto\" id=\"style-css-av-2x9eo-5c6cd2546a7f1fd92936dce149aa87da\">\n.av_font_icon.av-2x9eo-5c6cd2546a7f1fd92936dce149aa87da .av-icon-char{\nfont-size:20px;\nline-height:20px;\n}\n<\/style>\n<span  class='av_font_icon av-2x9eo-5c6cd2546a7f1fd92936dce149aa87da avia_animate_when_visible av-icon-style- avia-icon-pos-left avia-iconfont avia-font-fpris-icons av-no-color avia-icon-animate'><span class='av-icon-char' data-av_icon='\uf1c2' data-av_iconfont='fpris-icons' aria-hidden=\"true\" ><\/span><\/span>\n<p><a href=\"https:\/\/zinasnofpris.pmlp.gov.lv\/wp-content\/uploads\/2025\/11\/veidlapa-izzinam_2025_FPR_-1.docx\">Veidlapa izzi\u0146as piepras\u012b\u0161anai<\/a><\/p>\n<p><a href=\"https:\/\/zinasnofpris.pmlp.gov.lv\/?page_id=86\">Piepras\u012bto zi\u0146u sa\u0146em\u0161anas veids<\/a><\/p>\n<\/div><\/div><footer class=\"entry-footer\"><\/footer><\/article><div class=\"iconlist-timeline\"><\/div><\/li>\n<li><div class='iconlist_icon av-mi5t2f3p-c2cf1c433565d0d2be80155e7442e6a0 avia-font-entypo-fontello avia-iconfont avia-font-entypo-fontello'><span class='av-icon-char' data-av_icon='\ue821' data-av_iconfont='entypo-fontello' aria-hidden=\"true\"><\/span><\/div><article class=\"article-icon-entry \"  itemscope=\"itemscope\" itemtype=\"https:\/\/schema.org\/CreativeWork\" ><div class=\"iconlist_content_wrap\"><header class=\"entry-content-header\" aria-label=\"Icon: Pa pastu PMLP (\u010ciekurkalna 1.l\u012bnija 1 k-3, R\u012bga, LV-1026) vai jebkurai PMLP teritori\u0101lajai noda\u013cai\"><h4 class='av_iconlist_title iconlist_title  '  itemprop=\"headline\" >Pa pastu PMLP (\u010ciekurkalna 1.l\u012bnija 1 k-3, R\u012bga, LV-1026) vai jebkurai PMLP teritori\u0101lajai noda\u013cai<\/h4><\/header><div class='iconlist_content '  itemprop=\"text\" >\n<style type=\"text\/css\" data-created_by=\"avia_inline_auto\" id=\"style-css-av-1zmww-7f83fd37333f1532baa1d377ef29d2ea\">\n.av_font_icon.av-1zmww-7f83fd37333f1532baa1d377ef29d2ea .av-icon-char{\nfont-size:20px;\nline-height:20px;\n}\n<\/style>\n<span  class='av_font_icon av-1zmww-7f83fd37333f1532baa1d377ef29d2ea avia_animate_when_visible av-icon-style- avia-icon-pos-left avia-iconfont avia-font-fpris-icons av-no-color avia-icon-animate'><span class='av-icon-char' data-av_icon='\uf1c2' data-av_iconfont='fpris-icons' aria-hidden=\"true\" ><\/span><\/span>\n<p><a href=\"https:\/\/zinasnofpris.pmlp.gov.lv\/wp-content\/uploads\/2025\/11\/veidlapa-izzinam_2025_FPR_-1.docx\">Veidlapa izzi\u0146as piepras\u012b\u0161anai<\/a><\/p>\n<p><a href=\"https:\/\/www.pmlp.gov.lv\/lv\/filiales\" target=\"_blank\" rel=\"noopener\">https:\/\/www.pmlp.gov.lv\/lv\/filiales<\/a><\/p>\n<p><a href=\"https:\/\/zinasnofpris.pmlp.gov.lv\/?page_id=88\">Piepras\u012bto zi\u0146u sa\u0146em\u0161anas veids<\/a><\/p>\n<\/div><\/div><footer class=\"entry-footer\"><\/footer><\/article><div class=\"iconlist-timeline\"><\/div><\/li>\n<li><div class='iconlist_icon av-1b0kk-707718fe76930308c4a0ad4c31c5affe avia-font-entypo-fontello avia-iconfont avia-font-entypo-fontello'><span class='av-icon-char' data-av_icon='\ue80a' data-av_iconfont='entypo-fontello' aria-hidden=\"true\"><\/span><\/div><article class=\"article-icon-entry \"  itemscope=\"itemscope\" itemtype=\"https:\/\/schema.org\/CreativeWork\" ><div class=\"iconlist_content_wrap\"><header class=\"entry-content-header\" aria-label=\"Icon: Kl\u0101tien\u0113 jebkur\u0101 PMLP teritori\u0101laj\u0101 noda\u013c\u0101, tai skait\u0101 viena apmekl\u0113juma laik\u0101 sa\u0146emt izzi\u0146u 2 stundu laik\u0101\"><h4 class='av_iconlist_title iconlist_title  '  itemprop=\"headline\" >Kl\u0101tien\u0113 jebkur\u0101 PMLP teritori\u0101laj\u0101 noda\u013c\u0101, tai skait\u0101 viena apmekl\u0113juma laik\u0101 sa\u0146emt izzi\u0146u 2 stundu laik\u0101<\/h4><\/header><div class='iconlist_content '  itemprop=\"text\" ><p><a href=\"https:\/\/www.pmlp.gov.lv\/lv\/filiales\" target=\"_blank\" rel=\"noopener\">https:\/\/www.pmlp.gov.lv\/lv\/filiales<\/a><\/p>\n<p><a href=\"https:\/\/zinasnofpris.pmlp.gov.lv\/?page_id=90\">Piepras\u012bto zi\u0146u sa\u0146em\u0161anas veids<\/a><\/p>\n<\/div><\/div><footer class=\"entry-footer\"><\/footer><\/article><div class=\"iconlist-timeline\"><\/div><\/li>\n<li><div class='iconlist_icon av-14t6w-c9de19874d4e71363cb2f075e238d8d4 avia-font-entypo-fontello avia-iconfont avia-font-entypo-fontello'><span class='av-icon-char' data-av_icon='\ue8b1' data-av_iconfont='entypo-fontello' aria-hidden=\"true\"><\/span><\/div><article class=\"article-icon-entry \"  itemscope=\"itemscope\" itemtype=\"https:\/\/schema.org\/CreativeWork\" ><div class=\"iconlist_content_wrap\"><header class=\"entry-content-header\" aria-label=\"Icon: Izzi\u0146as piepras\u012b\u0161ana un sa\u0146em\u0161ana pa\u0161vald\u012bb\u0101 vai Latvijas p\u0101rst\u0101vniec\u012bb\u0101 \"><h4 class='av_iconlist_title iconlist_title  '  itemprop=\"headline\" >Izzi\u0146as piepras\u012b\u0161ana un sa\u0146em\u0161ana pa\u0161vald\u012bb\u0101 vai Latvijas p\u0101rst\u0101vniec\u012bb\u0101 <\/h4><\/header><div class='iconlist_content '  itemprop=\"text\" ><p style=\"font-weight: 400;\">Izzi\u0146u no Fizisko personu re\u0123istra par personas deklar\u0113to vai re\u0123istr\u0113to dz\u012bvesvietas adresi ir iesp\u0113jams piepras\u012bt pa\u0161vald\u012bb\u0101, ja personas dz\u012bvesvieta ir attiec\u012bg\u0101s <a href=\"https:\/\/www.lps.lv\/lv\/kontakti\/pasvaldibu-kontakti\" target=\"_blank\" rel=\"noopener\">pa\u0161vald\u012bbas<\/a> administrat\u012bvaj\u0101 teritorij\u0101.<\/p>\n<p style=\"font-weight: 400;\">Latvijas diplom\u0101tiskaj\u0101s un konsul\u0101raj\u0101s <a href=\"https:\/\/www.mfa.gov.lv\/lv\/izzinas-no-valsts-registriem\" target=\"_blank\" rel=\"noopener\">p\u0101rst\u0101vniec\u012bb\u0101s<\/a> izsniedz Fizisko personu re\u0123istr\u0101 iek\u013caut\u0101s zi\u0146as atbilsto\u0161i kompetencei. Persona var piepras\u012bt izzi\u0146as no Fizisko personu re\u0123istra par dz\u012bvesvietu, \u0123imenes st\u0101vokli, pases datiem un cit\u0101m Fizisko personu re\u0123istr\u0101 iek\u013caut\u0101m zi\u0146\u0101m.<\/p>\n<\/div><\/div><footer class=\"entry-footer\"><\/footer><\/article><div class=\"iconlist-timeline\"><\/div><\/li>\n<\/ul><\/div>\n","protected":false},"excerpt":{"rendered":"","protected":false},"author":1,"featured_media":0,"parent":55,"menu_order":0,"comment_status":"closed","ping_status":"closed","template":"","meta":{"inline_featured_image":false,"footnotes":""},"class_list":["post-72","page","type-page","status-publish","hentry"],"_links":{"self":[{"href":"https:\/\/zinasnofpris.pmlp.gov.lv\/index.php?rest_route=\/wp\/v2\/pages\/72","targetHints":{"allow":["GET"]}}],"collection":[{"href":"https:\/\/zinasnofpris.pmlp.gov.lv\/index.php?rest_route=\/wp\/v2\/pages"}],"about":[{"href":"https:\/\/zinasnofpris.pmlp.gov.lv\/index.php?rest_route=\/wp\/v2\/types\/page"}],"author":[{"embeddable":true,"href":"https:\/\/zinasnofpris.pmlp.gov.lv\/index.php?rest_route=\/wp\/v2\/users\/1"}],"replies":[{"embeddable":true,"href":"https:\/\/zinasnofpris.pmlp.gov.lv\/index.php?rest_route=%2Fwp%2Fv2%2Fcomments&post=72"}],"version-history":[{"count":5,"href":"https:\/\/zinasnofpris.pmlp.gov.lv\/index.php?rest_route=\/wp\/v2\/pages\/72\/revisions"}],"predecessor-version":[{"id":691,"href":"https:\/\/zinasnofpris.pmlp.gov.lv\/index.php?rest_route=\/wp\/v2\/pages\/72\/revisions\/691"}],"up":[{"embeddable":true,"href":"https:\/\/zinasnofpris.pmlp.gov.lv\/index.php?rest_route=\/wp\/v2\/pages\/55"}],"wp:attachment":[{"href":"https:\/\/zinasnofpris.pmlp.gov.lv\/index.php?rest_route=%2Fwp%2Fv2%2Fmedia&parent=72"}],"curies":[{"name":"wp","href":"https:\/\/api.w.org\/{rel}","templated":true}]}}