{"id":290,"date":"2024-02-29T16:18:30","date_gmt":"2024-02-29T14:18:30","guid":{"rendered":"https:\/\/zinasnofpris.pmlp.gov.lv\/?page_id=290"},"modified":"2025-11-20T09:53:24","modified_gmt":"2025-11-20T07:53:24","slug":"tiessaistes-datu-parraide-2-2","status":"publish","type":"page","link":"https:\/\/zinasnofpris.pmlp.gov.lv\/?page_id=290","title":{"rendered":"Valsts re\u0123ion\u0101l\u0101s att\u012bst\u012bbas a\u0123ent\u016bras Valsts inform\u0101cijas sist\u0113mu savietot\u0101j\u0101 izmitin\u0101t\u0101s PMLP saskarnes"},"content":{"rendered":"<section  class='av_textblock_section av-lt5mv4n8-2a430fcc4da4a137f6903dbf904b9087 '   itemscope=\"itemscope\" itemtype=\"https:\/\/schema.org\/CreativeWork\" ><div class='avia_textblock'  itemprop=\"text\" ><p>VALSTS RE\u0122ION\u0100L\u0100S ATT\u012aST\u012aBAS A\u0122ENT\u016aRAS VALSTS INFORM\u0100CIJAS SIST\u0112MU SAVIETOT\u0100J\u0100 IZMITIN\u0100T\u0100S PMLP SASKARNES<\/p>\n<\/div><\/section>\n<div  class='avia-buttonrow-wrap av-lt7b5toa-64a57ace73fd9ab5d01ca3d90b4ae806 avia-buttonrow-left  avia-builder-el-1  el_after_av_textblock  el_before_av_hr '>\n\n<style type=\"text\/css\" data-created_by=\"avia_inline_auto\" id=\"style-css-av-hh21i-8a43f024dc0229f3192e4b167677c4ed\">\n#top #wrap_all .avia-button.av-hh21i-8a43f024dc0229f3192e4b167677c4ed{\nmargin-bottom:5px;\nmargin-right:5px;\n}\n<\/style>\n<a href='https:\/\/zinasnofpris.pmlp.gov.lv\/'  class='avia-button av-hh21i-8a43f024dc0229f3192e4b167677c4ed avia-icon_select-yes-right-icon avia-size-small avia-color-theme-color'   aria-label=\"S\u0100KUMS\"><span class='avia_iconbox_title' >S\u0100KUMS<\/span><span class='avia_button_icon avia_button_icon_right avia-iconfont avia-font-entypo-fontello' data-av_icon='\ue87d' data-av_iconfont='entypo-fontello' ><\/span><\/a>\n\n<style type=\"text\/css\" data-created_by=\"avia_inline_auto\" id=\"style-css-av-7brku-4ce8811a71c30fd8fab338a00e676f15\">\n#top #wrap_all .avia-button.av-7brku-4ce8811a71c30fd8fab338a00e676f15{\nmargin-bottom:5px;\nmargin-right:5px;\n}\n<\/style>\n<a href='https:\/\/zinasnofpris.pmlp.gov.lv\/?page_id=61'  class='avia-button av-7brku-4ce8811a71c30fd8fab338a00e676f15 avia-icon_select-yes-right-icon avia-size-small avia-color-theme-color'   aria-label=\"TIE\u0160SAISTES DATU P\u0100RRAIDE\"><span class='avia_iconbox_title' >TIE\u0160SAISTES DATU P\u0100RRAIDE<\/span><span class='avia_button_icon avia_button_icon_right avia-iconfont avia-font-entypo-fontello' data-av_icon='\ue87d' data-av_iconfont='entypo-fontello' ><\/span><\/a>\n\n<style type=\"text\/css\" data-created_by=\"avia_inline_auto\" id=\"style-css-av-lt7b5sxv-d6822e7f8b9a1fd9326127c6d99ed585\">\n#top #wrap_all .avia-button.av-lt7b5sxv-d6822e7f8b9a1fd9326127c6d99ed585{\nbackground-color:#434bac;\nborder-color:#434bac;\ncolor:#ffffff;\ntransition:all 0.4s ease-in-out;\nmargin-bottom:5px;\nmargin-right:5px;\n}\n#top #wrap_all .avia-button.av-lt7b5sxv-d6822e7f8b9a1fd9326127c6d99ed585 .avia-svg-icon svg:first-child{\nfill:#ffffff;\nstroke:#ffffff;\n}\n<\/style>\n<a href='#'  class='avia-button av-lt7b5sxv-d6822e7f8b9a1fd9326127c6d99ed585 avia-icon_select-no avia-size-small'   aria-label=\"K\u0100 PIEK\u013b\u016aT\"><span class='avia_iconbox_title' >K\u0100 PIEK\u013b\u016aT<\/span><\/a>\n<\/div>\n\n<style type=\"text\/css\" data-created_by=\"avia_inline_auto\" id=\"style-css-av-12bwp-8799bc3b76882558c52ef2fb0ae89d51\">\n#top .hr.hr-invisible.av-12bwp-8799bc3b76882558c52ef2fb0ae89d51{\nheight:30px;\n}\n<\/style>\n<div  class='hr av-12bwp-8799bc3b76882558c52ef2fb0ae89d51 hr-invisible  avia-builder-el-2  el_after_av_buttonrow  el_before_av_toggle_container '><span class='hr-inner '><span class=\"hr-inner-style\"><\/span><\/span><\/div>\n\n<style type=\"text\/css\" data-created_by=\"avia_inline_auto\" id=\"style-css-av-mi74wrla-e121b323dea40cef335343aa4c6ef38e\">\n#top .togglecontainer.av-mi74wrla-e121b323dea40cef335343aa4c6ef38e p.toggler{\nbackground-color:#ffffff;\nborder-color:#aed4ed;\n}\n#top .togglecontainer.av-mi74wrla-e121b323dea40cef335343aa4c6ef38e p.toggler:not(.activeTitle):hover{\nbackground-color:#aed4ed;\n}\n#top .togglecontainer.av-mi74wrla-e121b323dea40cef335343aa4c6ef38e p.toggler .toggle_icon{\ncolor:#0054a0;\nborder-color:#0054a0;\n}\n#top .togglecontainer.av-mi74wrla-e121b323dea40cef335343aa4c6ef38e p.toggler .toggle_icon > span{\ncolor:#0054a0;\nborder-color:#0054a0;\n}\n#top .togglecontainer.av-mi74wrla-e121b323dea40cef335343aa4c6ef38e .toggle_wrap .toggle_content{\nbackground-color:#ffffff;\nborder-color:#aed4ed;\n}\n<\/style>\n<div  class='togglecontainer av-mi74wrla-e121b323dea40cef335343aa4c6ef38e av-elegant-toggle  avia-builder-el-3  el_after_av_hr  avia-builder-el-last  saites-fpr toggle_close_all' >\n<section class='av_toggle_section av-av_toggle-71c84e40c21869b7264a3a12ad7eab15'  itemscope=\"itemscope\" itemtype=\"https:\/\/schema.org\/CreativeWork\" ><div role=\"tablist\" class=\"single_toggle\" data-tags=\"{All} \"  ><p id='toggle-toggle-id-1' data-fake-id='#toggle-id-1' class='toggler  av-title-above av-inherit-border-color'  itemprop=\"headline\"  role='tab' tabindex='0' aria-controls='toggle-id-1' data-slide-speed=\"200\" data-title=\"Piepras\u012bjuma iesnieg\u0161anas kan\u0101li\" data-title-open=\"\" data-aria_collapsed=\"Click to expand: Piepras\u012bjuma iesnieg\u0161anas kan\u0101li\" data-aria_expanded=\"Click to collapse: Piepras\u012bjuma iesnieg\u0161anas kan\u0101li\">Piepras\u012bjuma iesnieg\u0161anas kan\u0101li<span class=\"toggle_icon\"><span class=\"vert_icon\"><\/span><span class=\"hor_icon\"><\/span><\/span><\/p><div id='toggle-id-1' aria-labelledby='toggle-toggle-id-1' role='region' class='toggle_wrap  av-title-above'  ><div class='toggle_content invers-color av-inherit-border-color'  itemprop=\"text\" ><p>\n<style type=\"text\/css\" data-created_by=\"avia_inline_auto\" id=\"style-css-av-av_iconlist-15c8d5884a3434c13da0ca4b83c28258\">\n#top .avia-icon-list-container.av-av_iconlist-15c8d5884a3434c13da0ca4b83c28258 .iconlist_icon{\ncolor:#be4e2b;\n}\n#top .avia-icon-list-container.av-av_iconlist-15c8d5884a3434c13da0ca4b83c28258 .iconlist_icon svg:first-child{\nstroke:#be4e2b;\nfill:#be4e2b;\n}\n<\/style>\n<div  class='avia-icon-list-container av-av_iconlist-15c8d5884a3434c13da0ca4b83c28258  avia-builder-el-4  el_before_av_iconlist  avia-builder-el-first  eadrese2'><ul class='avia-icon-list avia_animate_when_almost_visible avia-icon-list-left av-iconlist-small av-av_iconlist-15c8d5884a3434c13da0ca4b83c28258 avia-iconlist-animate'>\n<li><div class='iconlist_icon av-av_iconlist_item-fb9d7984cff778a1781a1ce5321af160 avia-font-fpris-icons avia-iconfont avia-font-fpris-icons'><span class='av-icon-char' data-av_icon='\ue800' data-av_iconfont='fpris-icons' aria-hidden=\"true\"><\/span><\/div><article class=\"article-icon-entry av-iconlist-empty\"  itemscope=\"itemscope\" itemtype=\"https:\/\/schema.org\/CreativeWork\" ><div class=\"iconlist_content_wrap\"><header class=\"entry-content-header\" aria-label=\"Icon: &lt;a href=&#039;https:\/\/latvija.gov.lv\/Content\/Eadrese&#039; title=&#039;Elektroniski parakst\u012btu iesniegumu iesniedz PMLP ofici\u0101laj\u0101 elektronisk\u0101j\u0101 adres\u0113 (eAdrese), ja esi aktiviz\u0113jis eAdresi;&#039; target=&quot;_blank&quot;  rel=&quot;noopener noreferrer&quot;&gt;Elektroniski parakst\u012btu iesniegumu iesniedz PMLP ofici\u0101laj\u0101 elektronisk\u0101j\u0101 adres\u0113 (eAdrese), ja esi aktiviz\u0113jis eAdresi;&lt;\/a&gt;\"><div class='av_iconlist_title iconlist_title_small  '  itemprop=\"headline\" ><a href='https:\/\/latvija.gov.lv\/Content\/Eadrese' title='Elektroniski parakst\u012btu iesniegumu iesniedz PMLP ofici\u0101laj\u0101 elektronisk\u0101j\u0101 adres\u0113 (eAdrese), ja esi aktiviz\u0113jis eAdresi;' target=\"_blank\"  rel=\"noopener noreferrer\">Elektroniski parakst\u012btu iesniegumu iesniedz PMLP ofici\u0101laj\u0101 elektronisk\u0101j\u0101 adres\u0113 (eAdrese), ja esi aktiviz\u0113jis eAdresi;<\/a><\/div><\/header><div class='iconlist_content '  itemprop=\"text\" ><\/div><\/div><footer class=\"entry-footer\"><\/footer><\/article><div class=\"iconlist-timeline\"><\/div><\/li>\n<\/ul><\/div><br \/>\n\n<style type=\"text\/css\" data-created_by=\"avia_inline_auto\" id=\"style-css-av-av_iconlist-a834b4d3938b590e2d6fcff2014ccf0f\">\n#top .avia-icon-list-container.av-av_iconlist-a834b4d3938b590e2d6fcff2014ccf0f .iconlist_icon{\ncolor:#ed8b75;\n}\n#top .avia-icon-list-container.av-av_iconlist-a834b4d3938b590e2d6fcff2014ccf0f .iconlist_icon svg:first-child{\nstroke:#ed8b75;\nfill:#ed8b75;\n}\n<\/style>\n<div  class='avia-icon-list-container av-av_iconlist-a834b4d3938b590e2d6fcff2014ccf0f  avia-builder-el-5  el_after_av_iconlist  avia-builder-el-last '><ul class='avia-icon-list avia_animate_when_almost_visible avia-icon-list-left av-iconlist-small av-av_iconlist-a834b4d3938b590e2d6fcff2014ccf0f avia-iconlist-animate'>\n<li><div class='iconlist_icon av-av_iconlist_item-8d59e367a00cb0786d631a772cc0111c avia-font-entypo-fontello avia-iconfont avia-font-entypo-fontello'><span class='av-icon-char' data-av_icon='\ue805' data-av_iconfont='entypo-fontello' aria-hidden=\"true\"><\/span><\/div><article class=\"article-icon-entry av-iconlist-empty\"  itemscope=\"itemscope\" itemtype=\"https:\/\/schema.org\/CreativeWork\" ><div class=\"iconlist_content_wrap\"><header class=\"entry-content-header\" aria-label=\"Icon: &lt;a href=&#039;mailto:pasts@pmlp.gov.lv&#039; title=&#039;Elektroniski parakst\u012btu iesniegumu nos\u016bta uz PMLP elektronisk\u0101 pasta adresi pasts@pmlp.gov.lv;&#039; target=&quot;_blank&quot;  rel=&quot;noopener noreferrer&quot;&gt;Elektroniski parakst\u012btu iesniegumu nos\u016bta uz PMLP elektronisk\u0101 pasta adresi pasts@pmlp.gov.lv;&lt;\/a&gt;\"><div class='av_iconlist_title iconlist_title_small  '  itemprop=\"headline\" ><a href='mailto:pasts@pmlp.gov.lv' title='Elektroniski parakst\u012btu iesniegumu nos\u016bta uz PMLP elektronisk\u0101 pasta adresi pasts@pmlp.gov.lv;' target=\"_blank\"  rel=\"noopener noreferrer\">Elektroniski parakst\u012btu iesniegumu nos\u016bta uz PMLP elektronisk\u0101 pasta adresi pasts@pmlp.gov.lv;<\/a><\/div><\/header><div class='iconlist_content '  itemprop=\"text\" ><\/div><\/div><footer class=\"entry-footer\"><\/footer><\/article><div class=\"iconlist-timeline\"><\/div><\/li>\n<li><div class='iconlist_icon av-av_iconlist_item-c0c10b907144aced7e32fc0565045298 avia-font-entypo-fontello avia-iconfont avia-font-entypo-fontello'><span class='av-icon-char' data-av_icon='\ue821' data-av_iconfont='entypo-fontello' aria-hidden=\"true\"><\/span><\/div><article class=\"article-icon-entry av-iconlist-empty\"  itemscope=\"itemscope\" itemtype=\"https:\/\/schema.org\/CreativeWork\" ><div class=\"iconlist_content_wrap\"><header class=\"entry-content-header\" aria-label=\"Icon: Pa pastu PMLP (\u010ciekurkalna 1.l\u012bnija 1 k-3, R\u012bga, LV-1026).\"><div class='av_iconlist_title iconlist_title_small  '  itemprop=\"headline\" >Pa pastu PMLP (\u010ciekurkalna 1.l\u012bnija 1 k-3, R\u012bga, LV-1026).<\/div><\/header><div class='iconlist_content '  itemprop=\"text\" ><\/div><\/div><footer class=\"entry-footer\"><\/footer><\/article><div class=\"iconlist-timeline\"><\/div><\/li>\n<\/ul><\/div><\/p>\n<\/div><\/div><\/div><\/section>\n<section class='av_toggle_section av-mi74wr12-20f974999420688583602c59cd816655'  itemscope=\"itemscope\" itemtype=\"https:\/\/schema.org\/CreativeWork\" ><div role=\"tablist\" class=\"single_toggle\" data-tags=\"{All} \"  ><p id='toggle-toggle-id-2' data-fake-id='#toggle-id-2' class='toggler  av-title-above av-inherit-border-color'  itemprop=\"headline\"  role='tab' tabindex='0' aria-controls='toggle-id-2' data-slide-speed=\"200\" data-title=\"Piek\u013cuves pie\u0161\u0137ir\u0161ana testa vai produkcijas videi\" data-title-open=\"\" data-aria_collapsed=\"Click to expand: Piek\u013cuves pie\u0161\u0137ir\u0161ana testa vai produkcijas videi\" data-aria_expanded=\"Click to collapse: Piek\u013cuves pie\u0161\u0137ir\u0161ana testa vai produkcijas videi\">Piek\u013cuves pie\u0161\u0137ir\u0161ana testa vai produkcijas videi<span class=\"toggle_icon\"><span class=\"vert_icon\"><\/span><span class=\"hor_icon\"><\/span><\/span><\/p><div id='toggle-id-2' aria-labelledby='toggle-toggle-id-2' role='region' class='toggle_wrap  av-title-above'  ><div class='toggle_content invers-color av-inherit-border-color'  itemprop=\"text\" ><ul>\n<li data-list=\"bullet\">Piek\u013cuves pie\u0161\u0137ir\u0161ana testa un produkcijas videi klientam tiek organiz\u0113ta atbilsto\u0161i Ministru kabineta 2016.gada 14.j\u016bnija noteikumiem Nr.374 \u201cValsts inform\u0101cijas sist\u0113mu savietot\u0101ja noteikumi\u201d.<\/li>\n<li data-list=\"bullet\">S\u0101kotn\u0113ji klients pieprasa piek\u013cuvi testa videi, tad, apstiprinot, ka test\u0113\u0161ana ir notikusi veiksm\u012bgi, klients pieprasa piek\u013cuvi produkcijas videi.<\/li>\n<li data-list=\"bullet\">Piepras\u012bjuma veidlapa pieejama \u0161eit: \u201c<a href=\"https:\/\/zinasnofpris.pmlp.gov.lv\/wp-content\/uploads\/2025\/11\/Veidlapas-paraugs-API-parvaldnieka-tiesibu-pieprasisanai.docx\">Piepras\u012bjuma veidlapa<\/a>\u201d.<\/li>\n<\/ul>\n<\/div><\/div><\/div><\/section>\n<section class='av_toggle_section av-av_toggle-6c3fb47d74d5f64530e5ea7cf75f5aec'  itemscope=\"itemscope\" itemtype=\"https:\/\/schema.org\/CreativeWork\" ><div role=\"tablist\" class=\"single_toggle\" data-tags=\"{All} \"  ><p id='toggle-toggle-id-3' data-fake-id='#toggle-id-3' class='toggler  av-title-above av-inherit-border-color'  itemprop=\"headline\"  role='tab' tabindex='0' aria-controls='toggle-id-3' data-slide-speed=\"200\" data-title=\"Piepras\u012bjuma nor\u0101d\u0101m\u0101 inform\u0101cija*\" data-title-open=\"\" data-aria_collapsed=\"Click to expand: Piepras\u012bjuma nor\u0101d\u0101m\u0101 inform\u0101cija*\" data-aria_expanded=\"Click to collapse: Piepras\u012bjuma nor\u0101d\u0101m\u0101 inform\u0101cija*\">Piepras\u012bjuma nor\u0101d\u0101m\u0101 inform\u0101cija*<span class=\"toggle_icon\"><span class=\"vert_icon\"><\/span><span class=\"hor_icon\"><\/span><\/span><\/p><div id='toggle-id-3' aria-labelledby='toggle-toggle-id-3' role='region' class='toggle_wrap  av-title-above'  ><div class='toggle_content invers-color av-inherit-border-color'  itemprop=\"text\" ><p>Ties\u012bbu pie\u0161\u0137ir\u0161anai piepras\u012bjum\u0101 ir nepiecie\u0161ams nor\u0101d\u012bt \u0161\u0101du inform\u0101ciju:<\/p>\n<p style=\"padding-left: 40px;\">a) risin\u0101jumam nepiecie\u0161am\u0101 VISS koplieto\u0161anas risin\u0101jum\u0101 API P\u0101rvaldnieks public\u0113t\u0101 PMLP servisa API-IEM_PMLP-FprisApi metode (<em>piem\u0113ram, Query\/GetPersonBirthDate<\/em>);<\/p>\n<p style=\"padding-left: 40px;\">b) VRAA pie\u0137irtais \u0161\u012b risin\u0101juma datu apmai\u0146as identifik\u0101cijas numurs (<em>piem\u0113ram, URN:IVIS:100001:EP.DA-DA53-V1-0<\/em>);<\/p>\n<p style=\"padding-left: 40px;\">c) izstr\u0101d\u0101t\u0101ju port\u0101la <a href=\"https:\/\/apitest.vraa.gov.lv\/devportal\/apis\" target=\"_blank\" rel=\"noopener\">https:\/\/apitest.vraa.gov.lv\/devportal\/apis<\/a> vai produkcijas port\u0101la <a href=\"https:\/\/api.viss.gov.lv\/devportal\/apis\" target=\"_blank\" rel=\"noopener\">https:\/\/api.viss.gov.lv\/devportal\/apis<\/a> sada\u013c\u0101 \u201cKlienta lietojumi\u201d re\u0123istr\u0113tais klienta lietojuma nosaukums un klienta lietojuma identifikators;<\/p>\n<p style=\"padding-left: 40px;\">d) IP adreses, no kur\u0101m tiks veikts piesl\u0113gums VRAA koplieto\u0161anas risin\u0101jumam API P\u0101rvaldnieks.<\/p>\n<p>* Atbilsto\u0161i Ministru kabineta 2021.gada 17.augusta noteikumu Nr.563 \u201cFizisko personu re\u0123istr\u0101 iek\u013cauto zi\u0146u izsnieg\u0161anas k\u0101rt\u012bba\u201d 6. punktam (<a href=\"https:\/\/likumi.lv\/ta\/id\/325476-fizisko-personu-registra-ieklauto-zinu-izsniegsanas-kartiba\" target=\"_blank\" rel=\"noopener\">https:\/\/likumi.lv\/ta\/id\/325476-fizisko-personu-registra-ieklauto-zinu-izsniegsanas-kartiba<\/a>).<\/p>\n<\/div><\/div><\/div><\/section>\n<section class='av_toggle_section av-av_toggle-72c836842026974df3b2b0228de86c0a'  itemscope=\"itemscope\" itemtype=\"https:\/\/schema.org\/CreativeWork\" ><div role=\"tablist\" class=\"single_toggle\" data-tags=\"{All} \"  ><p id='toggle-toggle-id-4' data-fake-id='#toggle-id-4' class='toggler  av-title-above av-inherit-border-color'  itemprop=\"headline\"  role='tab' tabindex='0' aria-controls='toggle-id-4' data-slide-speed=\"200\" data-title=\"Maksa\" data-title-open=\"\" data-aria_collapsed=\"Click to expand: Maksa\" data-aria_expanded=\"Click to collapse: Maksa\">Maksa<span class=\"toggle_icon\"><span class=\"vert_icon\"><\/span><span class=\"hor_icon\"><\/span><\/span><\/p><div id='toggle-id-4' aria-labelledby='toggle-toggle-id-4' role='region' class='toggle_wrap  av-title-above'  ><div class='toggle_content invers-color av-inherit-border-color'  itemprop=\"text\" ><p>Iev\u0113rojot to, ka VRAA VISS nav nodro\u0161in\u0101ta iesp\u0113ja administr\u0113t veiktos maks\u0101jumus, piek\u013cuve ir nodro\u0161in\u0101ma tiem datu \u0146\u0113m\u0113jiem, kuri atbilsto\u0161i normat\u012bvajos aktos noteiktajam ir atbr\u012bvojami no maks\u0101\u0161anas pien\u0101kuma.<\/p>\n<\/div><\/div><\/div><\/section>\n<\/div>\n","protected":false},"excerpt":{"rendered":"","protected":false},"author":1,"featured_media":0,"parent":61,"menu_order":2,"comment_status":"closed","ping_status":"closed","template":"","meta":{"inline_featured_image":false,"footnotes":""},"class_list":["post-290","page","type-page","status-publish","hentry"],"_links":{"self":[{"href":"https:\/\/zinasnofpris.pmlp.gov.lv\/index.php?rest_route=\/wp\/v2\/pages\/290","targetHints":{"allow":["GET"]}}],"collection":[{"href":"https:\/\/zinasnofpris.pmlp.gov.lv\/index.php?rest_route=\/wp\/v2\/pages"}],"about":[{"href":"https:\/\/zinasnofpris.pmlp.gov.lv\/index.php?rest_route=\/wp\/v2\/types\/page"}],"author":[{"embeddable":true,"href":"https:\/\/zinasnofpris.pmlp.gov.lv\/index.php?rest_route=\/wp\/v2\/users\/1"}],"replies":[{"embeddable":true,"href":"https:\/\/zinasnofpris.pmlp.gov.lv\/index.php?rest_route=%2Fwp%2Fv2%2Fcomments&post=290"}],"version-history":[{"count":5,"href":"https:\/\/zinasnofpris.pmlp.gov.lv\/index.php?rest_route=\/wp\/v2\/pages\/290\/revisions"}],"predecessor-version":[{"id":700,"href":"https:\/\/zinasnofpris.pmlp.gov.lv\/index.php?rest_route=\/wp\/v2\/pages\/290\/revisions\/700"}],"up":[{"embeddable":true,"href":"https:\/\/zinasnofpris.pmlp.gov.lv\/index.php?rest_route=\/wp\/v2\/pages\/61"}],"wp:attachment":[{"href":"https:\/\/zinasnofpris.pmlp.gov.lv\/index.php?rest_route=%2Fwp%2Fv2%2Fmedia&parent=290"}],"curies":[{"name":"wp","href":"https:\/\/api.w.org\/{rel}","templated":true}]}}