{"id":195,"date":"2024-02-16T16:39:21","date_gmt":"2024-02-16T14:39:21","guid":{"rendered":"https:\/\/zinasnofpris.pmlp.gov.lv\/?page_id=195"},"modified":"2025-09-24T13:26:03","modified_gmt":"2025-09-24T10:26:03","slug":"e-pakalpojums-2-2","status":"publish","type":"page","link":"https:\/\/zinasnofpris.pmlp.gov.lv\/?page_id=195","title":{"rendered":"Par citu personu"},"content":{"rendered":"<section  class='av_textblock_section av-lsoo4fm1-48c10c3a1257ce796de45a50ddc9b7e8 '   itemscope=\"itemscope\" itemtype=\"https:\/\/schema.org\/CreativeWork\" ><div class='avia_textblock'  itemprop=\"text\" ><p>PAR CITU PERSONU<\/p>\n<\/div><\/section>\n<div  class='avia-buttonrow-wrap av-lsoqq9qm-0ef3272987c5b6725fb9842f4a95b16e avia-buttonrow-left  avia-builder-el-1  el_after_av_textblock  el_before_av_hr '>\n\n<style type=\"text\/css\" data-created_by=\"avia_inline_auto\" id=\"style-css-av-an6wa-9bf698f2ab691a0a71b158e505a0f130\">\n#top #wrap_all .avia-button.av-an6wa-9bf698f2ab691a0a71b158e505a0f130{\nmargin-bottom:5px;\nmargin-right:5px;\n}\n<\/style>\n<a href='https:\/\/zinasnofpris.pmlp.gov.lv\/'  class='avia-button av-an6wa-9bf698f2ab691a0a71b158e505a0f130 avia-icon_select-yes-right-icon avia-size-small avia-color-theme-color'   aria-label=\"S\u0100KUMS\"><span class='avia_iconbox_title' >S\u0100KUMS<\/span><span class='avia_button_icon avia_button_icon_right avia-iconfont avia-font-entypo-fontello' data-av_icon='\ue87d' data-av_iconfont='entypo-fontello' ><\/span><\/a>\n\n<style type=\"text\/css\" data-created_by=\"avia_inline_auto\" id=\"style-css-av-lsoqpics-34320192222de0167f404c29d2992a2f\">\n#top #wrap_all .avia-button.av-lsoqpics-34320192222de0167f404c29d2992a2f{\nmargin-bottom:5px;\nmargin-right:5px;\n}\n<\/style>\n<a href='https:\/\/zinasnofpris.pmlp.gov.lv\/?page_id=57'  class='avia-button av-lsoqpics-34320192222de0167f404c29d2992a2f avia-icon_select-yes-right-icon avia-size-small avia-color-theme-color'   aria-label=\"E-PAKALPOJUMI\"><span class='avia_iconbox_title' >E-PAKALPOJUMI<\/span><span class='avia_button_icon avia_button_icon_right avia-iconfont avia-font-entypo-fontello' data-av_icon='\ue87d' data-av_iconfont='entypo-fontello' ><\/span><\/a>\n\n<style type=\"text\/css\" data-created_by=\"avia_inline_auto\" id=\"style-css-av-lsoqpzn1-87180f1c2fd4570e10fbcfadac2848c3\">\n#top #wrap_all .avia-button.av-lsoqpzn1-87180f1c2fd4570e10fbcfadac2848c3{\nbackground-color:#f2c947;\nborder-color:#f2c947;\ncolor:#ffffff;\ntransition:all 0.4s ease-in-out;\nmargin-bottom:5px;\nmargin-right:5px;\n}\n#top #wrap_all .avia-button.av-lsoqpzn1-87180f1c2fd4570e10fbcfadac2848c3 .avia-svg-icon svg:first-child{\nfill:#ffffff;\nstroke:#ffffff;\n}\n<\/style>\n<a href='#'  class='avia-button av-lsoqpzn1-87180f1c2fd4570e10fbcfadac2848c3 avia-icon_select-no avia-size-small'   aria-label=\"SA\u0145EM\u0160ANA\"><span class='avia_iconbox_title' >SA\u0145EM\u0160ANA<\/span><\/a>\n<\/div>\n\n<style type=\"text\/css\" data-created_by=\"avia_inline_auto\" id=\"style-css-av-27gjd-b7f40afab39d94eb77d80b4be44c8361\">\n#top .hr.hr-invisible.av-27gjd-b7f40afab39d94eb77d80b4be44c8361{\nheight:30px;\n}\n<\/style>\n<div  class='hr av-27gjd-b7f40afab39d94eb77d80b4be44c8361 hr-invisible  avia-builder-el-2  el_after_av_buttonrow  el_before_av_iconlist '><span class='hr-inner '><span class=\"hr-inner-style\"><\/span><\/span><\/div>\n\n<style type=\"text\/css\" data-created_by=\"avia_inline_auto\" id=\"style-css-av-mfxu9g72-35511294b8a9c90ddd5d3b5db0b3930b\">\n#top .avia-icon-list-container.av-mfxu9g72-35511294b8a9c90ddd5d3b5db0b3930b .iconlist_icon{\nbackground-color:#f2c947;\n}\n<\/style>\n<div  class='avia-icon-list-container av-mfxu9g72-35511294b8a9c90ddd5d3b5db0b3930b  avia-builder-el-3  el_after_av_hr  avia-builder-el-last  saites-fpr'><ul class='avia-icon-list avia_animate_when_almost_visible avia-icon-list-left av-iconlist-big av-mfxu9g72-35511294b8a9c90ddd5d3b5db0b3930b avia-iconlist-animate'>\n<li><div class='iconlist_icon av-av_iconlist_item-227e7b3b1a53b5a77386817d35a2b8e5 avia-font-entypo-fontello avia-iconfont avia-font-entypo-fontello'><span class='av-icon-char' data-av_icon='\ue822' data-av_iconfont='entypo-fontello' aria-hidden=\"true\"><\/span><\/div><article class=\"article-icon-entry \"  itemscope=\"itemscope\" itemtype=\"https:\/\/schema.org\/CreativeWork\" ><div class=\"iconlist_content_wrap\"><header class=\"entry-content-header\" aria-label=\"Icon: P\u0101rbaude, vai persona ir deklar\u0113ta nor\u0101d\u012btaj\u0101 adres\u0113\"><h4 class='av_iconlist_title iconlist_title  '  itemprop=\"headline\" >P\u0101rbaude, vai persona ir deklar\u0113ta nor\u0101d\u012btaj\u0101 adres\u0113<\/h4><\/header><div class='iconlist_content '  itemprop=\"text\" ><p><a href=\"https:\/\/latvija.gov.lv\/Services\/7797\" target=\"_blank\" rel=\"noopener\">https:\/\/latvija.gov.lv\/Services\/7797<\/a><\/p>\n<\/div><\/div><footer class=\"entry-footer\"><\/footer><\/article><div class=\"iconlist-timeline\"><\/div><\/li>\n<li><div class='iconlist_icon av-av_iconlist_item-a0350be6554b9b868af9b505de1544e6 avia-font-entypo-fontello avia-iconfont avia-font-entypo-fontello'><span class='av-icon-char' data-av_icon='\ue822' data-av_iconfont='entypo-fontello' aria-hidden=\"true\"><\/span><\/div><article class=\"article-icon-entry \"  itemscope=\"itemscope\" itemtype=\"https:\/\/schema.org\/CreativeWork\" ><div class=\"iconlist_content_wrap\"><header class=\"entry-content-header\" aria-label=\"Icon: P\u0101rbaude, vai persona ir iek\u013cauta Fizisko personu re\u0123istr\u0101 un vai nav zi\u0146u par personas n\u0101vi\"><h4 class='av_iconlist_title iconlist_title  '  itemprop=\"headline\" >P\u0101rbaude, vai persona ir iek\u013cauta Fizisko personu re\u0123istr\u0101 un vai nav zi\u0146u par personas n\u0101vi<\/h4><\/header><div class='iconlist_content '  itemprop=\"text\" ><p><a href=\"https:\/\/latvija.gov.lv\/Services\/7703\" target=\"_blank\" rel=\"noopener\">https:\/\/latvija.gov.lv\/Services\/7703<\/a><\/p>\n<\/div><\/div><footer class=\"entry-footer\"><\/footer><\/article><div class=\"iconlist-timeline\"><\/div><\/li>\n<li><div class='iconlist_icon av-mfxu8pjj-a9fede698fca7df559182037f743cca4 avia-font-entypo-fontello avia-iconfont avia-font-entypo-fontello'><span class='av-icon-char' data-av_icon='\ue822' data-av_iconfont='entypo-fontello' aria-hidden=\"true\"><\/span><\/div><article class=\"article-icon-entry \"  itemscope=\"itemscope\" itemtype=\"https:\/\/schema.org\/CreativeWork\" ><div class=\"iconlist_content_wrap\"><header class=\"entry-content-header\" aria-label=\"Icon: Personas kodu atbilst\u012bba vienai personai\"><h4 class='av_iconlist_title iconlist_title  '  itemprop=\"headline\" >Personas kodu atbilst\u012bba vienai personai<\/h4><\/header><div class='iconlist_content '  itemprop=\"text\" ><p><a href=\"https:\/\/latvija.gov.lv\/Services\/7702\">https:\/\/latvija.gov.lv\/Services\/7702<\/a><\/p>\n<\/div><\/div><footer class=\"entry-footer\"><\/footer><\/article><div class=\"iconlist-timeline\"><\/div><\/li>\n<li><div class='iconlist_icon av-mfxu95h8-9174ebb1d18947c662a2124284b9369e avia-font-entypo-fontello avia-iconfont avia-font-entypo-fontello'><span class='av-icon-char' data-av_icon='\ue822' data-av_iconfont='entypo-fontello' aria-hidden=\"true\"><\/span><\/div><article class=\"article-icon-entry \"  itemscope=\"itemscope\" itemtype=\"https:\/\/schema.org\/CreativeWork\" ><div class=\"iconlist_content_wrap\"><header class=\"entry-content-header\" aria-label=\"Icon: Aktu\u0101lais un iepriek\u0161\u0113jais personas kods\"><h4 class='av_iconlist_title iconlist_title  '  itemprop=\"headline\" >Aktu\u0101lais un iepriek\u0161\u0113jais personas kods<\/h4><\/header><div class='iconlist_content '  itemprop=\"text\" ><p><a href=\"https:\/\/latvija.gov.lv\/Services\/10212\">https:\/\/latvija.gov.lv\/Services\/10212<\/a><\/p>\n<\/div><\/div><footer class=\"entry-footer\"><\/footer><\/article><div class=\"iconlist-timeline\"><\/div><\/li>\n<li><div class='iconlist_icon av-mfxu9fq9-16462f0524f6a4391286180a0557eec5 avia-font-entypo-fontello avia-iconfont avia-font-entypo-fontello'><span class='av-icon-char' data-av_icon='\ue822' data-av_iconfont='entypo-fontello' aria-hidden=\"true\"><\/span><\/div><article class=\"article-icon-entry \"  itemscope=\"itemscope\" itemtype=\"https:\/\/schema.org\/CreativeWork\" ><div class=\"iconlist_content_wrap\"><header class=\"entry-content-header\" aria-label=\"Icon: Zi\u0146as par personas r\u012bc\u012bbsp\u0113ju\"><h4 class='av_iconlist_title iconlist_title  '  itemprop=\"headline\" >Zi\u0146as par personas r\u012bc\u012bbsp\u0113ju<\/h4><\/header><div class='iconlist_content '  itemprop=\"text\" ><p><a href=\"https:\/\/latvija.gov.lv\/Services\/7704\">https:\/\/latvija.gov.lv\/Services\/7704<\/a><\/p>\n<\/div><\/div><footer class=\"entry-footer\"><\/footer><\/article><div class=\"iconlist-timeline\"><\/div><\/li>\n<li><div class='iconlist_icon av-av_iconlist_item-51c84cbc157efee8823c4ba343c16194 avia-font-entypo-fontello avia-iconfont avia-font-entypo-fontello'><span class='av-icon-char' data-av_icon='\ue822' data-av_iconfont='entypo-fontello' aria-hidden=\"true\"><\/span><\/div><article class=\"article-icon-entry \"  itemscope=\"itemscope\" itemtype=\"https:\/\/schema.org\/CreativeWork\" ><div class=\"iconlist_content_wrap\"><header class=\"entry-content-header\" aria-label=\"Icon: Personv\u0101rdu datu b\u0101ze\"><h4 class='av_iconlist_title iconlist_title  '  itemprop=\"headline\" >Personv\u0101rdu datu b\u0101ze<\/h4><\/header><div class='iconlist_content '  itemprop=\"text\" ><p><a href=\"https:\/\/personvardi.pmlp.gov.lv\/\" target=\"_blank\" rel=\"noopener\">https:\/\/personvardi.pmlp.gov.lv\/<\/a><\/p>\n<\/div><\/div><footer class=\"entry-footer\"><\/footer><\/article><div class=\"iconlist-timeline\"><\/div><\/li>\n<\/ul><\/div>\n","protected":false},"excerpt":{"rendered":"","protected":false},"author":1,"featured_media":0,"parent":57,"menu_order":2,"comment_status":"closed","ping_status":"closed","template":"","meta":{"inline_featured_image":false,"footnotes":""},"class_list":["post-195","page","type-page","status-publish","hentry"],"_links":{"self":[{"href":"https:\/\/zinasnofpris.pmlp.gov.lv\/index.php?rest_route=\/wp\/v2\/pages\/195","targetHints":{"allow":["GET"]}}],"collection":[{"href":"https:\/\/zinasnofpris.pmlp.gov.lv\/index.php?rest_route=\/wp\/v2\/pages"}],"about":[{"href":"https:\/\/zinasnofpris.pmlp.gov.lv\/index.php?rest_route=\/wp\/v2\/types\/page"}],"author":[{"embeddable":true,"href":"https:\/\/zinasnofpris.pmlp.gov.lv\/index.php?rest_route=\/wp\/v2\/users\/1"}],"replies":[{"embeddable":true,"href":"https:\/\/zinasnofpris.pmlp.gov.lv\/index.php?rest_route=%2Fwp%2Fv2%2Fcomments&post=195"}],"version-history":[{"count":3,"href":"https:\/\/zinasnofpris.pmlp.gov.lv\/index.php?rest_route=\/wp\/v2\/pages\/195\/revisions"}],"predecessor-version":[{"id":650,"href":"https:\/\/zinasnofpris.pmlp.gov.lv\/index.php?rest_route=\/wp\/v2\/pages\/195\/revisions\/650"}],"up":[{"embeddable":true,"href":"https:\/\/zinasnofpris.pmlp.gov.lv\/index.php?rest_route=\/wp\/v2\/pages\/57"}],"wp:attachment":[{"href":"https:\/\/zinasnofpris.pmlp.gov.lv\/index.php?rest_route=%2Fwp%2Fv2%2Fmedia&parent=195"}],"curies":[{"name":"wp","href":"https:\/\/api.w.org\/{rel}","templated":true}]}}